{"id":534,"date":"2015-12-07T12:08:13","date_gmt":"2015-12-07T10:08:13","guid":{"rendered":"https:\/\/www.paroisse-sjeg.fr\/wp\/?page_id=534"},"modified":"2026-01-07T20:14:53","modified_gmt":"2026-01-07T19:14:53","slug":"sacrement-du-pardon","status":"publish","type":"page","link":"https:\/\/www.paroisse-sjeg.fr\/index.php\/celebrer\/sacrement-du-pardon\/","title":{"rendered":"Sacrement du Pardon"},"content":{"rendered":"<p>Le\u00a0<a href=\"http:\/\/www.eglise.catholique.fr\/glossaire\/sacrement\">sacrement<\/a>\u00a0du pardon ou de la r\u00e9conciliation nous invite \u00e0 reconna\u00eetre que l\u2019<strong>amour de Dieu<\/strong>\u00a0nous permet de d\u00e9passer les conflits. La vie n\u2019est possible que si nous savons pardonner, nous r\u00e9concilier avec nous-m\u00eames, avec les autres et avec Dieu.<\/p>\n<ul>\n<li>Durant les temps liturgiques de l\u2019<strong>Avent<\/strong>, du <strong>car\u00eame<\/strong>, plusieurs pr\u00eatres sont pr\u00e9sents pour le sacrement du pardon (les dates et lieux sont communiqu\u00e9s alors sur le bulletin paroissial et le groupe WhatsApp).<\/li>\n<li>Durant toute l&rsquo;ann\u00e9e, vous pouvez demander \u00e0 un pr\u00eatre un temps de rencontre au presbyt\u00e8re (T\u00e9l. : <strong>02 40 37 97 43<\/strong>).<\/li>\n<\/ul>\n<h4><img loading=\"lazy\" decoding=\"async\" width=\"200\" height=\"158\" class=\"wp-image-1661 aligncenter\" src=\"https:\/\/www.paroisse-sjeg.fr\/wp-content\/uploads\/2015\/12\/recevoir-le-pardon-du-seigneur.jpeg\" alt=\"recevoir le pardon du Seigneur\" \/> P<strong>ri\u00e8re de Saint Fran\u00e7ois\u00a0:<\/strong><\/h4>\n<p style=\"text-align: center;\"><em>Seigneur, fais de moi un instrument de ta paix,<br \/>\nL\u00e0 o\u00f9 est la haine, que je mette l&rsquo;amour.<br \/>\nL\u00e0 o\u00f9 est l&rsquo;offense, que je mette le pardon.<br \/>\nL\u00e0 o\u00f9 est la discorde, que je mette l&rsquo;union.<br \/>\nL\u00e0 o\u00f9 est l&rsquo;erreur, que je mette la v\u00e9rit\u00e9.<br \/>\nL\u00e0 o\u00f9 est le doute, que je mette la foi.<br \/>\nL\u00e0 o\u00f9 est le d\u00e9sespoir, que je mette l&rsquo;<\/em><a href=\"http:\/\/www.eglise.catholique.fr\/ressources-annuaires\/lexique\/definition.html?&amp;lexiqueID=44&amp;Expression=Esp\u00e9rance\"><em>esp\u00e9rance<\/em><\/a><em>.<br \/>\nL\u00e0 o\u00f9 sont les t\u00e9n\u00e8bres, que je mette la lumi\u00e8re.<br \/>\nL\u00e0 o\u00f9 est la tristesse, que je mette la joie.<\/em><\/p>\n<h2><span style=\"color: #0000ff;\"><strong>L\u2019examen de ton c\u0153ur en v\u00e9rit\u00e9<\/strong><\/span><\/h2>\n<p>Tu trouveras dans la Bible\u00a0des textes qui peuvent t\u2019aider \u00e0 :<\/p>\n<ul>\n<li>Voir l\u2019amour infini de Dieu qui t\u2019aime et veut vivre avec toi.<\/li>\n<li>D\u00e9couvrir ce qui t\u2019\u00e9loigne de Lui et que tu as peut-\u00eatre du mal \u00e0 d\u00e9couvrir en toi. Les p\u00e9ch\u00e9s sont les actes, d\u00e9cisions, paroles que nous faisons librement et qui nous \u00e9loignent de Dieu et des autres et nous mettent aussi mal \u00e0 l\u2019aise avec nous-m\u00eames\u00a0: nous avons du mal \u00e0 nous regarder en face.<\/li>\n<li>Comprendre que le Seigneur t\u2019aide toujours dans tes difficult\u00e9s car il nous conna\u00eet mieux que nous-m\u00eames.<\/li>\n<li>Voir ce que tu regrettes d\u2019avoir fait (ou pas fait), dit, pens\u00e9. Tout ce qui d\u00e9truit, (paroles et actions), tout ce qui est contraire \u00e0 la vie.<\/li>\n<li>D\u00e9cider de demander \u00e0 Dieu son pardon dans le sacrement de r\u00e9conciliation car tu sais qu\u2019Il t\u2019aime et t\u2019attend.<\/li>\n<\/ul>\n<h2><span style=\"color: #0000ff;\"><strong>Se confesser au pr\u00eatre<\/strong><\/span><\/h2>\n<p>Le pr\u00eatre tient la place de J\u00e9sus ; c\u2019est en Son Nom qu\u2019il t\u2019accueille. Il t&rsquo;\u00e9coute et dialogue.<strong><br \/>\n<\/strong><\/p>\n<p><strong>Acte de contrition<\/strong> :<\/p>\n<p style=\"padding-left: 30px;\"><em>\u00ab<\/em><strong><em>Mon Dieu j\u2019ai un tr\u00e8s grand regret de vous avoir offens\u00e9, parce que vous \u00eates infiniment bon, infiniment aimable et que le p\u00e9ch\u00e9 vous d\u00e9pla\u00eet. Je prends la ferme r\u00e9solution avec le secours de votre sainte gr\u00e2ce, de faire p\u00e9nitence et de ne plus vous offenser<\/em><\/strong><em>.\u00bb <\/em><\/p>\n<p style=\"padding-left: 30px;\">ou<\/p>\n<p style=\"padding-left: 30px;\"><em>\u00ab<\/em><strong><em>Mon Dieu, j\u2019ai p\u00e9ch\u00e9 contre Toi et mes fr\u00e8res, mais pr\u00e8s de Toi se trouve le pardon. Accueille mon repentir et donne-moi la force de vivre selon Ton Amour<\/em><\/strong><em>.\u00bb<\/em><\/p>\n<p><strong>Paroles d\u2019absolution prononc\u00e9es par le pr\u00eatre<\/strong>, auxquelles tu r\u00e9ponds par le signe de Croix et <em>Amen<\/em><\/p>\n<p style=\"text-align: center; padding-left: 30px;\">\u00ab<em>Que Dieu, notre P\u00e8re, te montre Sa Mis\u00e9ricorde ; par la mort et la r\u00e9surrection de Son Fils, Il a r\u00e9concili\u00e9 le monde avec Lui et Il a envoy\u00e9 l\u2019esprit saint pour la r\u00e9mission des p\u00e9ch\u00e9s ; par le minist\u00e8re de l\u2019\u00c9glise, qu\u2019Il te donne le pardon et la Paix. <\/em><br \/>\n<em>Et moi, au Nom du P\u00e8re, et du Fils, et du Saint Esprit, je te pardonne tous tes p\u00e9ch\u00e9s.<\/em><em>\u00bb<\/em><\/p>\n","protected":false},"excerpt":{"rendered":"<p>Le\u00a0sacrement\u00a0du pardon ou de la r\u00e9conciliation nous invite \u00e0 reconna\u00eetre que l\u2019amour de Dieu\u00a0nous permet de d\u00e9passer les conflits. La vie n\u2019est possible que si nous savons pardonner, nous r\u00e9concilier avec nous-m\u00eames, avec les autres et avec Dieu. Durant les temps liturgiques de l\u2019Avent, du car\u00eame, plusieurs pr\u00eatres sont pr\u00e9sents pour le sacrement du pardon [&hellip;]<\/p>\n","protected":false},"author":1,"featured_media":0,"parent":521,"menu_order":0,"comment_status":"closed","ping_status":"closed","template":"","meta":{"footnotes":""},"folder":[],"class_list":["post-534","page","type-page","status-publish","czr-hentry"],"_links":{"self":[{"href":"https:\/\/www.paroisse-sjeg.fr\/index.php\/wp-json\/wp\/v2\/pages\/534","targetHints":{"allow":["GET"]}}],"collection":[{"href":"https:\/\/www.paroisse-sjeg.fr\/index.php\/wp-json\/wp\/v2\/pages"}],"about":[{"href":"https:\/\/www.paroisse-sjeg.fr\/index.php\/wp-json\/wp\/v2\/types\/page"}],"author":[{"embeddable":true,"href":"https:\/\/www.paroisse-sjeg.fr\/index.php\/wp-json\/wp\/v2\/users\/1"}],"replies":[{"embeddable":true,"href":"https:\/\/www.paroisse-sjeg.fr\/index.php\/wp-json\/wp\/v2\/comments?post=534"}],"version-history":[{"count":7,"href":"https:\/\/www.paroisse-sjeg.fr\/index.php\/wp-json\/wp\/v2\/pages\/534\/revisions"}],"predecessor-version":[{"id":7834,"href":"https:\/\/www.paroisse-sjeg.fr\/index.php\/wp-json\/wp\/v2\/pages\/534\/revisions\/7834"}],"up":[{"embeddable":true,"href":"https:\/\/www.paroisse-sjeg.fr\/index.php\/wp-json\/wp\/v2\/pages\/521"}],"wp:attachment":[{"href":"https:\/\/www.paroisse-sjeg.fr\/index.php\/wp-json\/wp\/v2\/media?parent=534"}],"wp:term":[{"taxonomy":"folder","embeddable":true,"href":"https:\/\/www.paroisse-sjeg.fr\/index.php\/wp-json\/wp\/v2\/folder?post=534"}],"curies":[{"name":"wp","href":"https:\/\/api.w.org\/{rel}","templated":true}]}}