{"id":1610,"date":"2016-12-27T13:30:00","date_gmt":"2016-12-27T11:30:00","guid":{"rendered":"https:\/\/www.paroisse-sjeg.fr\/?page_id=1610"},"modified":"2026-01-07T20:20:58","modified_gmt":"2026-01-07T19:20:58","slug":"messes-dominicales","status":"publish","type":"page","link":"https:\/\/www.paroisse-sjeg.fr\/index.php\/messes-dominicales\/","title":{"rendered":"Messes dominicales et messes des familles"},"content":{"rendered":"\n<figure class=\"wp-block-table alignwide is-style-stripes\"><table class=\"has-background\" style=\"background-color:#e7f5fe\"><thead><tr><th class=\"has-text-align-center\" data-align=\"center\"><strong>Messes dominicales<\/strong><\/th><th class=\"has-text-align-center\" data-align=\"center\"><strong>Grandchamp des Fontaines<\/strong><\/th><th class=\"has-text-align-center\" data-align=\"center\"><strong>Treilli\u00e8res<\/strong><\/th><th class=\"has-text-align-center\" data-align=\"center\"><strong>La Chapelle sur Erdre<\/strong><\/th><\/tr><\/thead><tbody><tr><td class=\"has-text-align-center\" data-align=\"center\"><strong><mark style=\"background-color:rgba(0, 0, 0, 0)\" class=\"has-inline-color has-vivid-red-color\">Samedi 18h30<\/mark><\/strong><\/td><td class=\"has-text-align-center\" data-align=\"center\">mois impairs<\/td><td class=\"has-text-align-center\" data-align=\"center\">mois pairs<\/td><td class=\"has-text-align-center\" data-align=\"center\">_<\/td><\/tr><tr><td class=\"has-text-align-center\" data-align=\"center\"><\/td><td class=\"has-text-align-center\" data-align=\"center\">(en janvier, mars, mai, juillet, septembre, et novembre)<\/td><td class=\"has-text-align-center\" data-align=\"center\">(en f\u00e9vrier, avril, juin, ao\u00fbt, octobre, et d\u00e9cembre)<\/td><td class=\"has-text-align-center\" data-align=\"center\"><\/td><\/tr><tr><td class=\"has-text-align-center\" data-align=\"center\"><strong><mark style=\"background-color:rgba(0, 0, 0, 0)\" class=\"has-inline-color has-vivid-red-color\">Dimanche 11h<\/mark><\/strong> <br>(10h30 en \u00e9t\u00e9)<\/td><td class=\"has-text-align-center\" data-align=\"center\">_<\/td><td class=\"has-text-align-center\" data-align=\"center\">_<\/td><td class=\"has-text-align-center\" data-align=\"center\">tous les dimanches<br>messe de familles (hors vacances scolaires)<br><\/td><\/tr><\/tbody><\/table><\/figure>\n\n\n<div style=\"padding-left: 30px;\" data-egliseinfo=\"horaires\" data-search=\"community:na\/44\/saint-jean-d-erdre-et-gesvres\" data-limit=\"15\" data-open-in-egliseinfo=\"true\"><strong>Liturgie de la Parole pour les enfants<\/strong> (4-8 ans): au cours des messes messes des familles.<\/div>\n<div style=\"padding-left: 30px;\" data-egliseinfo=\"horaires\" data-search=\"community:na\/44\/saint-jean-d-erdre-et-gesvres\" data-limit=\"15\" data-open-in-egliseinfo=\"true\"><strong>Garderie des petits enfants<\/strong> (moins de 3 ans) : aux messes de 11h, dans une salle de l&rsquo;\u00e9glise, \u00e0 gauche\u00a0 du ch\u0153ur.<\/div>\n<div style=\"padding-left: 60px;\" data-egliseinfo=\"horaires\" data-search=\"community:na\/44\/saint-jean-d-erdre-et-gesvres\" data-limit=\"15\" data-open-in-egliseinfo=\"true\">\u00a0<span style=\"color: #ff0000;\"><em>\u00a0<\/em><\/span><\/div>","protected":false},"excerpt":{"rendered":"<p>Messes dominicales Grandchamp des Fontaines Treilli\u00e8res La Chapelle sur Erdre Samedi 18h30 mois impairs mois pairs _ (en janvier, mars, mai, juillet, septembre, et novembre) (en f\u00e9vrier, avril, juin, ao\u00fbt, octobre, et d\u00e9cembre) Dimanche 11h (10h30 en \u00e9t\u00e9) _ _ tous les dimanchesmesse de familles (hors vacances scolaires) Liturgie de la Parole pour les enfants [&hellip;]<\/p>\n","protected":false},"author":1,"featured_media":0,"parent":0,"menu_order":0,"comment_status":"closed","ping_status":"closed","template":"","meta":{"footnotes":""},"folder":[],"class_list":["post-1610","page","type-page","status-publish","czr-hentry"],"_links":{"self":[{"href":"https:\/\/www.paroisse-sjeg.fr\/index.php\/wp-json\/wp\/v2\/pages\/1610","targetHints":{"allow":["GET"]}}],"collection":[{"href":"https:\/\/www.paroisse-sjeg.fr\/index.php\/wp-json\/wp\/v2\/pages"}],"about":[{"href":"https:\/\/www.paroisse-sjeg.fr\/index.php\/wp-json\/wp\/v2\/types\/page"}],"author":[{"embeddable":true,"href":"https:\/\/www.paroisse-sjeg.fr\/index.php\/wp-json\/wp\/v2\/users\/1"}],"replies":[{"embeddable":true,"href":"https:\/\/www.paroisse-sjeg.fr\/index.php\/wp-json\/wp\/v2\/comments?post=1610"}],"version-history":[{"count":6,"href":"https:\/\/www.paroisse-sjeg.fr\/index.php\/wp-json\/wp\/v2\/pages\/1610\/revisions"}],"predecessor-version":[{"id":7842,"href":"https:\/\/www.paroisse-sjeg.fr\/index.php\/wp-json\/wp\/v2\/pages\/1610\/revisions\/7842"}],"wp:attachment":[{"href":"https:\/\/www.paroisse-sjeg.fr\/index.php\/wp-json\/wp\/v2\/media?parent=1610"}],"wp:term":[{"taxonomy":"folder","embeddable":true,"href":"https:\/\/www.paroisse-sjeg.fr\/index.php\/wp-json\/wp\/v2\/folder?post=1610"}],"curies":[{"name":"wp","href":"https:\/\/api.w.org\/{rel}","templated":true}]}}

<figure class="wp-block-table alignwide is-style-stripes"><table class="has-background" style="background-color:#e7f5fe"><thead><tr><th class="has-text-align-center" data-align="center"><strong>Messes dominicales</strong></th><th class="has-text-align-center" data-align="center"><strong>Grandchamp des Fontaines</strong></th><th class="has-text-align-center" data-align="center"><strong>Treillières</strong></th><th class="has-text-align-center" data-align="center"><strong>La Chapelle sur Erdre</strong></th></tr></thead><tbody><tr><td class="has-text-align-center" data-align="center"><strong><mark style="background-color:rgba(0, 0, 0, 0)" class="has-inline-color has-vivid-red-color">Samedi 18h30</mark></strong></td><td class="has-text-align-center" data-align="center">mois impairs</td><td class="has-text-align-center" data-align="center">mois pairs</td><td class="has-text-align-center" data-align="center">_</td></tr><tr><td class="has-text-align-center" data-align="center"></td><td class="has-text-align-center" data-align="center">(en janvier, mars, mai, juillet, septembre, et novembre)</td><td class="has-text-align-center" data-align="center">(en février, avril, juin, août, octobre, et décembre)</td><td class="has-text-align-center" data-align="center"></td></tr><tr><td class="has-text-align-center" data-align="center"><strong><mark style="background-color:rgba(0, 0, 0, 0)" class="has-inline-color has-vivid-red-color">Dimanche 11h</mark></strong> <br>(10h30 en été)</td><td class="has-text-align-center" data-align="center">_</td><td class="has-text-align-center" data-align="center">_</td><td class="has-text-align-center" data-align="center">tous les dimanches<br>messe de familles (hors vacances scolaires)<br></td></tr></tbody></table></figure>


<div style="padding-left: 30px;" data-egliseinfo="horaires" data-search="community:na/44/saint-jean-d-erdre-et-gesvres" data-limit="15" data-open-in-egliseinfo="true"><strong>Liturgie de la Parole pour les enfants</strong> (4-8 ans): au cours des messes messes des familles.</div>
<div style="padding-left: 30px;" data-egliseinfo="horaires" data-search="community:na/44/saint-jean-d-erdre-et-gesvres" data-limit="15" data-open-in-egliseinfo="true"><strong>Garderie des petits enfants</strong> (moins de 3 ans) : aux messes de 11h, dans une salle de l&rsquo;église, à gauche  du chœur.</div>
<div style="padding-left: 60px;" data-egliseinfo="horaires" data-search="community:na/44/saint-jean-d-erdre-et-gesvres" data-limit="15" data-open-in-egliseinfo="true"> <span style="color: #ff0000;"><em> </em></span></div>

<p>Messes dominicales Grandchamp des Fontaines Treillières La Chapelle sur Erdre Samedi 18h30 mois impairs mois pairs _ (en janvier, mars, mai, juillet, septembre, et novembre) (en février, avril, juin, août, octobre, et décembre) Dimanche 11h (10h30 en été) _ _ tous les dimanchesmesse de familles (hors vacances scolaires) Liturgie de la Parole pour les enfants [&hellip;]</p>
